{"id":13,"date":"2018-08-04T17:01:49","date_gmt":"2018-08-04T15:01:49","guid":{"rendered":"http:\/\/www.sv-hirten.de\/wordpress\/?page_id=13"},"modified":"2026-04-01T11:03:49","modified_gmt":"2026-04-01T09:03:49","slug":"startseite","status":"publish","type":"page","link":"https:\/\/www.sv-hirten.de\/wordpress\/","title":{"rendered":"Startseite"},"content":{"rendered":"\n<p class=\"has-text-align-left\"><strong>Herzlich Willkommen auf der Webseite des SV Hirten!<\/strong><\/p>\n\n\n<div class=\"wp-block-image\">\n<figure class=\"aligncenter\"><img loading=\"lazy\" decoding=\"async\" width=\"1452\" height=\"736\" src=\"https:\/\/www.sv-hirten.de\/wordpress\/wp-content\/uploads\/2025\/08\/Gruendungsfest-Feuerwehr-und-SVH-202501.jpg\" alt=\"\" class=\"wp-image-1058\" srcset=\"https:\/\/www.sv-hirten.de\/wordpress\/wp-content\/uploads\/2025\/08\/Gruendungsfest-Feuerwehr-und-SVH-202501.jpg 1452w, https:\/\/www.sv-hirten.de\/wordpress\/wp-content\/uploads\/2025\/08\/Gruendungsfest-Feuerwehr-und-SVH-202501-300x152.jpg 300w, https:\/\/www.sv-hirten.de\/wordpress\/wp-content\/uploads\/2025\/08\/Gruendungsfest-Feuerwehr-und-SVH-202501-1024x519.jpg 1024w, https:\/\/www.sv-hirten.de\/wordpress\/wp-content\/uploads\/2025\/08\/Gruendungsfest-Feuerwehr-und-SVH-202501-768x389.jpg 768w\" sizes=\"auto, (max-width: 706px) 89vw, (max-width: 767px) 82vw, 740px\" \/><\/figure><\/div>\n\n\n<p>Besonders freuen wir uns auf unser gro\u00dfes <a href=\"https:\/\/www.sv-hirten.de\/wordpress\/gruendungsfest-2026\/\">Gr\u00fcndungsfest<\/a>, das wir zusammen mit der <a href=\"https:\/\/ffw-neukirchen-hirten.de\/\" target=\"_blank\" rel=\"noopener\">freiwilligen Feuerwehr Neukirchen-Hirten<\/a> begehen.<\/p>\n\n\n\n<p>Unser Sportverein mit seinen sechs Abteilungen und zahlreichen \u00dcbungsleitern hat sich nicht nur dem Sport verschrieben, sondern veranstaltet unter anderem j\u00e4hrlich das beliebte Sommerfest.<\/p>\n\n\n\n<p>Zus\u00e4tzlich zum Sportplatz dient die Turnhalle neben der Grundschule als weitere Sportst\u00e4tte. Viele Kinder, Jugendliche, sowie erwachsene Sportlerinnen und Sportler unseres Dorfes und dar\u00fcber hinaus sind bei uns im SVH in guten H\u00e4nden.<\/p>\n\n\n\n<p>Wir w\u00fcnschen allen Besucherinnen und Besuchern unserer Homepage gezielte und interessante Klicks und noch mehr, viel Spa\u00df und Erfolg beim Sport in und mit unserem SV Hirten.<\/p>\n\n\n\n<p><em>(1. Vorstand)<\/em><\/p>\n","protected":false},"excerpt":{"rendered":"<p>Herzlich Willkommen auf der Webseite des SV Hirten! Besonders freuen wir uns auf unser gro\u00dfes Gr\u00fcndungsfest, das wir zusammen mit der freiwilligen Feuerwehr Neukirchen-Hirten begehen. Unser Sportverein mit seinen sechs Abteilungen und zahlreichen \u00dcbungsleitern hat sich nicht nur dem Sport verschrieben, sondern veranstaltet unter anderem j\u00e4hrlich das beliebte Sommerfest. Zus\u00e4tzlich zum Sportplatz dient die Turnhalle &hellip; <\/p>\n<p class=\"link-more\"><a href=\"https:\/\/www.sv-hirten.de\/wordpress\/\" class=\"more-link\"><span class=\"screen-reader-text\">\u201eStartseite\u201c<\/span> weiterlesen<\/a><\/p>\n","protected":false},"author":1,"featured_media":0,"parent":0,"menu_order":2,"comment_status":"closed","ping_status":"closed","template":"","meta":{"footnotes":""},"class_list":["post-13","page","type-page","status-publish","hentry"],"_links":{"self":[{"href":"https:\/\/www.sv-hirten.de\/wordpress\/wp-json\/wp\/v2\/pages\/13","targetHints":{"allow":["GET"]}}],"collection":[{"href":"https:\/\/www.sv-hirten.de\/wordpress\/wp-json\/wp\/v2\/pages"}],"about":[{"href":"https:\/\/www.sv-hirten.de\/wordpress\/wp-json\/wp\/v2\/types\/page"}],"author":[{"embeddable":true,"href":"https:\/\/www.sv-hirten.de\/wordpress\/wp-json\/wp\/v2\/users\/1"}],"replies":[{"embeddable":true,"href":"https:\/\/www.sv-hirten.de\/wordpress\/wp-json\/wp\/v2\/comments?post=13"}],"version-history":[{"count":33,"href":"https:\/\/www.sv-hirten.de\/wordpress\/wp-json\/wp\/v2\/pages\/13\/revisions"}],"predecessor-version":[{"id":1102,"href":"https:\/\/www.sv-hirten.de\/wordpress\/wp-json\/wp\/v2\/pages\/13\/revisions\/1102"}],"wp:attachment":[{"href":"https:\/\/www.sv-hirten.de\/wordpress\/wp-json\/wp\/v2\/media?parent=13"}],"curies":[{"name":"wp","href":"https:\/\/api.w.org\/{rel}","templated":true}]}}